he greatest common factor of i and 625?
25
Suppose -12*a = -3*a - 225. Suppose 2*o - 44 = -5*d, -3*d + o + 8 + a = 0. Let m be (-82)/(-6) - d/15. Calculate the greatest common divisor of m and 26.
13
Suppose -4*s = 5*n - 39, 3*n - 24 = 4*s - 7*s. Suppose -n*a + 76 = -5*a. Suppose -2*d = d - 285. What is the highest common divisor of d and a?
19
Let v = 113 - 157. Let k be 18/99 - 1576/v. What is the greatest common factor of k and 54?
18
Let p = -39 + 63. Let r = 14949 + -14781. Calculate the greatest common divisor of p and r.
24
Let o(a) = 10*a - 24 + 12*a - 35 - 11*a. Let p be o(6). Calculate the greatest common factor of p and 2.
1
Suppose 0*m - m = -2. Suppose -s - 1 + m = 0. Suppose -4*l + 19 = 3*d, 6*l = -d + 8*l + 13. Calculate the highest common divisor of s and d.
1
Let z be (-6995)/25 - 2/10. Let r be z/175*((-10)/(-4))/(-1). Suppose -2*a = r, 3*a + 116 = 3*h - h. Calculate the highest common divisor of h and 5.
5
Let b = -618 - -627. Suppose -p + 5*g + 31 = 0, 11*p + 5*g = b*p + 17. Let i(s) = -3*s - 1. Let j be i(-1). What is the greatest common divisor of j and p?
2
Let c(h) = -h**3 + 12*h**2 + h - 94. Let i be c(4). What is the highest common factor of i and 1957?
19
Let j = -349 + 319. Let r be 1667/5 + (6 - (-192)/j). Calculate the greatest common divisor of 9 and r.
9
Suppose -5*u = 4*y - 4002, -6*y + 8*y + 2*u = 2002. Calculate the greatest common factor of 236 and y.
59
Suppose 0 = -8*u + 11*u - 576. Suppose 135*v - 133*v - 576 = 0. Suppose -33*k + v = -9*k. Calculate the greatest common divisor of u and k.
12
Suppose -76*j + 78*j = 512. What is the highest common factor of 208 and j?
16
Let x(w) = 4*w**2 - w - 12. Let l be x(-8). Suppose -109*d + 53*d = -52*d - 72. What is the highest common factor of l and d?
18
Let x(z) = -7*z + 2. Let s be x(5). Let m = s + 39. Suppose 0*v + 3*r - 22 = -4*v, -m = -4*v + 5*r. Calculate the greatest common divisor of v and 8.
4
Suppose -10*i = -5*i + 75. Let j be ((-2)/4 - 0) + i/(-10). Let v be (-4 + j*-76)*(-8)/10. Calculate the greatest common divisor of v and 8.
8
Let j(l) = 8 - 10*l**2 - 5 - 2 - l**3. Let n be j(-10). Let k be ((-2)/(-7))/(n/133). What is the greatest common factor of 266 and k?
38
Suppose 2*y = -13*o + 15*o + 1560, -2*y = 4*o - 1584. Calculate the greatest common factor of y and 12.
4
Suppose 2*q = 17*l - 21*l + 5432, 2*q + 6*l = 5432. Calculate the greatest common factor of 2231 and q.
97
Let p(i) = -i + 2. Suppose -4*l + 5*c = 37, c + 19 = -3*l + 3*c. Let y be p(l). Calculate the highest common factor of 1 and y.
1
Let m be (68/(-20) - -3)*60. Let p be m/(-48) + (0 - (-411)/6). What is the highest common factor of 161 and p?
23
Let v = 240 - 186. Suppose -452 + 20 = -n. What is the greatest common factor of n and v?
54
Let q(x) = -7*x. Let b be q(-1). Let h = -151 - -18. Let g = 161 + h. Calculate the highest common divisor of b and g.
7
Suppose 5*n + 4*f - 3089 - 223 = 0, 2*f - 1986 = -3*n. Let w be ((-1)/1)/((-20)/n). Calculate the greatest common factor of w and 33.
33
Suppose -260*s = -261*s + 4*p + 12744, 0 = -s - p + 12774. Calculate the greatest common divisor of 152 and s.
152
Let x be 96/(-24) + (3 - 1 - 2). Let l be (-189)/(-45) + x - 178/(-10). Calculate the greatest common factor of l and 225.
9
Let u be 24/(-16)*(-13)/(312/656). What is the greatest common factor of u and 7?
1
Suppose -3*a = 5*w - 72, -6*a - 4 = -7*a. Suppose 365 = 5*r + 3*i - 79, -3*r + 3*i = -252. Calculate the greatest common divisor of r and w.
3
Let c = -1899 + 1895. Let u(m) = -2*m**2 - m**3 - 6 + 2 + 2. Let j be u(c). What is the highest common divisor of 20 and j?
10
Let q be 1288/(-161)*-14*(-6)/(-48). Let w = 52 + 4. Calculate the highest common divisor of w and q.
14
Let s = -6658 + 6901. Calculate the greatest common factor of 5 and s.
1
Suppose 13 - 1163 = -10*r. Suppose r*y = 98*y + 187. Calculate the greatest common factor of 154 and y.
11
Let t be (-2)/(-10)*(-20)/(-2). Suppose 0*p = k + 2*p - 15, 6 = t*p. Suppose -29 = -k*u + 43. Calculate the highest common divisor of 88 and u.
8
Let w(y) = 9 + 23 - 17*y + 20 + y**2. Let c be w(23). What is the greatest common divisor of 10 and c?
10
Suppose 16 = k - 64. Suppose 2*l + 3*j + 114 = 5*l, 3*j = -l + 6. What is the highest common divisor of l and k?
10
Let u be (-111 - -349) + (-1 - -1). Calculate the highest common factor of u and 442.
34
Let w = -74 - -47. Let q be (897/46)/(1/(-2)). Let n = w - q. What is the greatest common factor of 3 and n?
3
Let y = 856 + -1262. Let d = y - -417. What is the greatest common factor of d and 1441?
11
Let o(z) = z**2 - z - 13. Let r be o(3). Let q be 4/((-12)/21)*30/r. What is the highest common divisor of 150 and q?
30
Let m = -3266 - -3276. Calculate the greatest common factor of m and 35.
5
Suppose 479*y - 70805 = 360*y. Calculate the highest common divisor of y and 6205.
85
Suppose -24*c - 88 = -64. Let g be (104/78)/(c/(30/(-4))). Calculate the highest common factor of 510 and g.
10
Let c = 5 + -1. Suppose a + c = 7. Suppose -110 = -a*m + 2*m. Calculate the highest common factor of 22 and m.
22
Let f be 13 - ((-127)/(-762) + 62/(-12) + -2). Calculate the greatest common divisor of 136 and f.
4
Let t be 2/24 + (64780/240 - (5 - -1)). Calculate the highest common divisor of 168 and t.
24
Suppose 2*j = -a + 121 + 55, -3*a - 3*j = -525. Calculate the greatest common factor of a and 899.
29
Suppose -1613 + 5243 = 22*s. What is the greatest common factor of 45 and s?
15
Let r(o) = 148*o**2 + 19*o + 23. Let y be r(-1). Let n be 33/4 - 3/12. What is the highest common factor of y and n?
8
Let c = 2 - -6. Suppose c = -y + 1. Let g be 1190/49 + 2/y. Calculate the greatest common divisor of g and 24.
24
Suppose -j + 3 = 2*v, 2*v - 3 = -2*j - 5. Suppose 6009 + 13719 = 789*i - 241*i. Calculate the highest common divisor of v and i.
4
Let h = 354 + -120. Suppose -316*l + 1230 = -311*l. Let s = -220 + l. Calculate the highest common factor of h and s.
26
Let a be 20*(56 + (99/(-9) - -7)). What is the greatest common divisor of 320 and a?
80
Suppose 5*d + 27 = -28. Let c = d - -23. Suppose 4*v + h = 767, 2*v - 3*h - 416 = -29. Calculate the greatest common factor of c and v.
12
Suppose 5*m + 11469 = 43*m - 18741. What is the highest common factor of m and 255?
15
Suppose 0 = -3171*d + 3193*d - 17952. What is the highest common divisor of 969 and d?
51
Suppose -9*a + 49 = -8*a. Let k = a + -14. Suppose 3*c - 2*r - 31 = 0, -5*c + 55 = -r - 3*r. Calculate the highest common factor of c and k.
7
Let w(h) = h**3 - 48*h**2 + 87*h + 260. Let n be w(46). Calculate the highest common factor of 3390 and n.
30
Suppose g + 2*a = 11, 0 = 4*g - a - 2*a. Let h(b) = b**2 - 4*b + 4. Let f be h(g). Let u = -773666 + 773683. What is the greatest common factor of u and f?
1
Let z be (12/20*5)/(-1). Let s be (-539)/z - 2/(-6). Let i = -50 - -70. Calculate the greatest common divisor of i and s.
20
Let q be 282/(-47) - 30/(-1). Suppose 13*v - 5*v = q. Calculate the greatest common divisor of 9 and v.
3
Let v(f) = 33*f + 61. Let w(b) = -b + 2. Let u(h) = -v(h) + 3*w(h). Let p be u(-6). What is the greatest common divisor of p and 46?
23
Suppose -5*v + 7045 = 5*f, 3*f - 4269 = 37*v - 33*v. What is the highest common divisor of f and 5?
5
Let h(b) = 8*b**2 - 2*b - 1. Let r be h(2). Let v be 17 - ((-96)/(-12) + 0/7). Calculate the highest common divisor of v and r.
9
Let l be 1/(-3)*0 + -16 + -2. Let v be (120/9)/(l/(-27)). What is the highest common factor of v and 5?
5
Let z(f) = -f**3 - 19*f**2 - 67*f + 35. Suppose s + 11 = h, -9 = 4*h + 7. Let o be z(s). What is the greatest common divisor of o and 40?
20
Suppose -3000 = 174046*b - 174086*b. Let i be (-50)/(-4)*(-24)/(-5). What is the highest common divisor of b and i?
15
Let k(l) = 2*l**3 - 41*l**2 + 224*l + 3. Let u be k(6). What is the highest common factor of u and 2828?
101
Let s be 46/(-161)*(11 + -193). What is the highest common factor of 10088 and s?
52
Let c be 10/(-4)*1152/(-48). Let h(o) = 23*o + 58. Let x be h(4). Calculate the greatest common divisor of c and x.
30
Let x = 14 - 19. Let s be 80 - (-8)/20*x. Let z = s - 48. Calculate the highest common factor of z and 210.
30
Let o = 11180 + -10640. What is the highest common factor of 820 and o?
20
